0)?
1
Let l = 648 + 493. Let n = l + -765. What is the units digit of n?
6
Suppose 20*n - 2615 = 15*n. Suppose -2*k - 3*q + n + 190 = 0, -3*q = -4*k + 1417. Suppose 11*v = 16*v - k. What is the units digit of v?
1
Let j = -217 + 51. Let o(s) = -s**2 + 20*s - 26. Let a be o(18). What is the tens digit of j/(-5 - 5/(a/(-6)))?
8
Let u(i) = 7*i**2 - 6*i**2 - 6*i - 17*i - 22. Let v be u(24). Let q(a) = 15*a**3 - a**2 + a - 1. What is the hundreds digit of q(v)?
1
Let a be 10/8 - 3/(-4). Let t be (a - 1) + (1 - -1). What is the tens digit of -201*t*-2*1/18?
6
Let r = -476 - -373. Let g = r - -293. What is the units digit of g?
0
Suppose 36175 = 5*l - 5*u, -35 = -4*u - 39. What is the tens digit of l?
3
Let n(z) be the third derivative of 21*z**2 + 0*z - 25/6*z**3 + 0 - 7/4*z**4. What is the hundreds digit of n(-5)?
1
Let q = -3196 + 4792. Suppose 2*u - 5*c - 800 = -3*c, 5*c = 4*u - q. What is the units digit of u?
4
Let d = -92 - -98. Suppose -x = 2*a - 2038, -5*a - d*x = -x - 5105. What is the thousands digit of a?
1
Let s = 40 - 38. Suppose 0 = s*n + 2*n - 780. Let b = -123 + n. What is the units digit of b?
2
Suppose 20*u - 75063 - 50097 = 0. What is the hundreds digit of u?
2
Let b(m) = 110*m**2 + 8*m - 180. What is the units digit of b(-8)?
6
Let g = -274 + 266. What is the hundreds digit of g/((-48)/(-954))*-5?
7
Let n = -2182 + 8013. What is the tens digit of n?
3
Suppose -1300 = 23*g - 27*g - 4*y, 5*y + 1675 = 5*g. What is the tens digit of g?
3
Let k be 480/(-18) - 2/(-3). Let w be (-2 - k/7) + 6/21. Suppose 0 = 5*o + w*c - 393 + 30, -2*o - c + 146 = 0. What is the units digit of o?
1
Suppose -5 + 25 = -4*i. Let x(s) = -12*s + 25. Let r be x(i). Let d = r + -19. What is the tens digit of d?
6
Let b = -59 + 68. Suppose -9*u + b = 36. What is the tens digit of (-1)/((-1)/256) + u?
5
Suppose -6*w + 4*w = -3*u - 1842, 5*w + 3*u = 4584. Let z = w + -507. What is the tens digit of z?
1
Let b(x) be the third derivative of -x**4/12 - 4*x**3/3 - 10*x**2. Let y be b(2). What is the tens digit of -6*(1 + 92/y)?
4
Let a be 1/(-4) + 34/8. Suppose -1700*d = -1695*d - 85. Suppose -d = -k - 3*b, -a*b + 10 + 26 = 2*k. What is the units digit of k?
0
Let z(d) be the third derivative of 7*d**5/20 + 5*d**4/24 + 3*d**3/2 - 25*d**2. Let g be z(-6). Suppose 6*l - g = -63. What is the hundreds digit of l?
1
Suppose 5*z + 2*i = 30, 2*z - 4*z - 7 = -3*i. Let a be 18/z*((-1)/3 - -3). What is the units digit of a + (-3 - -8) - 1?
6
Let x(y) = -1208*y - 1245. What is the units digit of x(-6)?
3
Suppose -5 + 60 = 11*c. Suppose c*g = g. Suppose 3*v - 4*v + 532 = 4*h, g = -3*h + 5*v + 399. What is the tens digit of h?
3
Suppose 0 = -5*u + 32 + 3. Suppose u*y - 24 = 11. Suppose -y*b = 9*b - 616. What is the units digit of b?
4
What is the hundreds digit of 496637/15 + ((-504)/135)/28?
1
Suppose 3*w - 151473 = -3*p, 7*p - 8268 = -w + 42193. What is the hundreds digit of w?
4
Suppose 38*g = -14*g + 525564. What is the ten thousands digit of g?
1
Suppose 766567 = 16*m - 330873. What is the tens digit of m?
9
Let x be (4/(-1) - -3 - 0)*-181. Let f = x + -122. What is the units digit of f?
9
Let l = 326 - 1070. Let q = l + 1069. What is the tens digit of q?
2
Suppose -p + 4 = 4*l, 0 = 107*p - 104*p - l - 12. Let f(s) = 17*s**3 + 3*s**2 - 5*s - 24. What is the tens digit of f(p)?
9
Suppose 5*t - 8 = 3*t. Suppose -3*d + 0*d - 360 = -2*g, -t*g = -4*d - 712. Suppose 10*a - 4*a = g. What is the tens digit of a?
2
Suppose -6 = -v - 7. Let c = v + -15. What is the units digit of 194*(c/(-40))/((-4)/(-5))?
7
Let r = -7776 + 11012. What is the thousands digit of r?
3
What is the units digit of (483/(-6))/((-61)/7442)?
1
Let z(k) = -973 + 3*k**2 + 16*k + 518 + 483. What is the units digit of z(-16)?
0
Let z(n) = 1168*n**2 - 73*n + 1. What is the tens digit of z(-3)?
3
Suppose -11 + 46 = 5*d. Suppose -2*r = 10, 2885 = 5*h + d*r - 10*r. What is the hundreds digit of h?
5
Let z = -53405 + 78189. What is the ten thousands digit of z?
2
Let w(g) = -208*g - 140. Let q be w(-17). Suppose -4*x = -4*j + 384 - q, 0 = 3*x + 2*j - 2264. What is the tens digit of x?
5
Suppose -5*t - u + 5 = 0, 3*t = -2*t + 4*u + 30. Suppose 52 = -181*f + 183*f - 14. Suppose -3*z + 6 = -t*v + 5*v, -4*v + f = -z. What is the units digit of v?
7
Suppose 58499 = -25*b + 1277774. What is the hundreds digit of b?
7
Let t(l) = -2*l**3 - 15*l**2 + 18*l + 71. Let d be t(-8). Suppose 11 = 3*w + 83. What is the hundreds digit of -1 + (-2203)/d + w/(-108)?
2
Suppose 25*t + 32*t = 63*t - 122466. What is the hundreds digit of t?
4
What is the units digit of 5684/(-294)*-381*1?
6
Suppose -5*j + 15 = 0, -5*g - 3*j + 0*j = -19. Let p be (-2 - g - -3)/((-1)/5). Suppose 5*t + 85 = 5*q, p*t = 2*t - 12. What is the tens digit of q?
1
Suppose -20*f + 494200 = -10*f + 30*f. What is the ten thousands digit of f?
1
Suppose -17*s = 28 - 62. What is the hundreds digit of (-189)/s*(-2040)/180?
0
Suppose -2*m - 12*m = -87500. Suppose -32*j - m = -42*j. What is the tens digit of j?
2
Suppose z - 4 = -6. Let q be 7/z*(-32)/28. Suppose -p - 4*p - 3*m + 464 = 0, 86 = p + q*m. What is the units digit of p?
4
Suppose -19560 = -f - 4*f + 5*y, -2*f + 4*y = -7816. Suppose f = 7*s - 5520. What is the thousands digit of s?
1
Suppose 4*w = z - 12737, -38211 = -3*z + 168*w - 167*w. What is the tens digit of z?
3
Suppose 0 = -5*n + 4*t + 22464 + 106500, -2*t = -8. What is the ten thousands digit of n?
2
Suppose 4*n - 16502 = 33*i - 36*i, -12378 = -3*n - 3*i. Suppose 167*g = 171*g - n. What is the hundreds digit of g?
0
Let o(c) = 15*c + 16. Let b(z) = 10*z + 11. Let v = -1 + -6. Let q(m) = v*b(m) + 5*o(m). What is the units digit of q(9)?
8
Let k(q) = -2342*q - 1953. What is the thousands digit of k(-11)?
3
Let w = 2242 + -1230. Let r = w - 176. What is the units digit of r?
6
Let x(m) be the first derivative of m**4/4 - 10*m**3/3 + 9*m**2/2 + 6*m + 5. Let q be x(7). Let l = q - -145. What is the tens digit of l?
6
Let y be 16/(-24) - (0 + 10102/(-6)). Suppose 4*n + 438 - y = 5*p, 0 = -3*n - p + 948. Let j = n + -189. What is the tens digit of j?
2
Suppose -15 = -4*o + r, o + 9 = -0*o - 4*r. Suppose -39 = -h + o*b, 0*b = 2*b - 2. Let u = h - -21. What is the units digit of u?
3
Suppose 4*m - 43 = -2*r - m, 0 = -2*r - 3*m + 37. Suppose 548 = -10*c + r*c. What is the units digit of (-20)/(-30)*(1 + c)?
2
Let p(i) = 8*i**2 - 74*i - 313. What is the tens digit of p(-40)?
4
Suppose 2*y - 8 = -u, -u - 4*y = -3*u - 8. Suppose -6*c = -u*c - 124. What is the tens digit of c?
3
Let d be (-55)/(-55)*(-6 - -1). What is the tens digit of 3 + 18805/25 + d/25?
5
Let y = -28 - -42. Suppose -4*w + 82 + y = 0. Suppose w = 5*l - 1. What is the units digit of l?
5
Let g = 2281 - 311. What is the thousands digit of g?
1
Suppose 0*w = -6*w - 16*w + 466026. What is the units digit of w?
3
Suppose -5*y - 4 = -49. Suppose 0 = -2*s + 5*p + 793, 14*s - 9*s + 4*p = 1900. Suppose s = y*l - 3*l. What is the tens digit of l?
6
Suppose 143*v + 205502 - 479334 = 981994. What is the hundreds digit of v?
7
Let t(i) = -i**3 + 68*i**2 - 5*i - 30. What is the units digit of t(67)?
4
Let a(f) = -f - 8. Suppose 15 = -3*g, -4*l + 2*g + 80 = -2*g. Let y be a(l). Let m = y - -46. What is the tens digit of m?
2
Suppose 57*t = -131*t + 9773368. What is the ten thousands digit of t?
5
Let b(d) = 5*d - 48. Let w(a) = a + 22. Let l be w(-7). Let z be b(l). Suppose z*m - 32*m = -970. What is the units digit of m?
4
Let n(s) = s**2 - 10*s + 34. Let r be n(10). Let l(g) = -r + 60 - g + 51*g**2 - 25. What is the tens digit of l(-2)?
0
Let t(k) = -k**2 - 8*k + 28. Let r be t(-12). Let b be ((-30)/(-25))/(6/r) + 1208. Suppose -s - b = -8*s. What is the hundreds digit of s?
1
Let i = 19353 - 2134. What is the ten thousands digit of i?
1
Suppose 5*c = 3*a + 651 + 444, 651 = 3*c - 3*a. Suppose 0 = 4*v - 28*q + 29*q - 908, 0 = -v + q + c. What is the units digit of v?
6
Let y(v) = 1. Let z(a) = 2*a + 9. Let m(s) = 14*y(s) + 2*z(s). Let o be m(-8). What is the tens digit of (8 + o/(-2))*(-23)/(-2)?
9
Let c(k) = 2*k + 15. Suppose -10 = -5*z, -z = 4*b + 3*z + 16. Let d be c(b). Suppose d*v + 44 - 302 = 0. What is the tens digit of v?
8
What is the tens digit of (11 + -15)*150843/(-56)*2?
4
Let h(a) = 16*a - 64. Le